{"id":370,"date":"2022-05-11T22:27:03","date_gmt":"2022-05-11T22:27:03","guid":{"rendered":"https:\/\/mixspy.com\/?post_type=product&#038;p=370"},"modified":"2026-02-14T18:10:49","modified_gmt":"2026-02-14T18:10:49","slug":"usb-camera-wifi","status":"publish","type":"product","link":"https:\/\/mixspy.com\/index.php\/product\/usb-camera-wifi\/","title":{"rendered":"Mini HD WiFi USB Portable Spy Camera"},"content":{"rendered":"<h1 class=\"a-size-base-plus a-text-bold\">Description<\/h1>\n<p>Sp\u00e9cifications des mod\u00e8les 720P:<br \/>\nSuper mini taille<br \/>\nSuper lumi\u00e8re<br \/>\nAngle diff\u00e9rent lentille en option<br \/>\nHaute r\u00e9solution 720P, la qualit\u00e9 d&#8217;image est plus lumineuse et plus claire<br \/>\nPas besoin de drive and support Win xp\/Win7\/Win8\/Win10\/Android<br \/>\nO\u00f9 utiliser<br \/>\n1. Inspection des \u00e9quipements industriels<br \/>\n2. Aide au traitement m\u00e9dical<br \/>\n3. CCTV<br \/>\n4. Vid\u00e9o enseignement<br \/>\n5. applications vid\u00e9o de v\u00e9hicule<br \/>\nSp\u00e9cifications d\u00e9taill\u00e9es des param\u00e8tres<br \/>\nMod\u00e8les: GS-OTGC-Pro<br \/>\nSenor: capteur cmos 1\/4 hd<br \/>\nR\u00e9solution: 1280*720p<br \/>\nPixel: 720P.1.0MP<br \/>\nLUX:0.5LUX<br \/>\nSNR:&gt;= 48DB<br \/>\nGamma:0.45<br \/>\nFPS:30\/FPS<br \/>\nBalance des blancs: auto<br \/>\nObjectif: 3.7Mm 70 degr\u00e9<br \/>\nTemp\u00e9rature de travail:-10-50 degr\u00e9s<br \/>\nPuissance dc 5v<br \/>\nAmp: 80ma<br \/>\nSyst\u00e8me: windows\/Mac\/Linux<br \/>\nSp\u00e9cifications des mod\u00e8les 1080P:<br \/>\nCaract\u00e9ristiques:<br \/>\nPetite taille, tournage mains libres<br \/>\n2MP grand d\u00e9gagement lentille<br \/>\n1080P FULL HD<br \/>\nLibre sur le disque<br \/>\nConvient aux \u00e9quipements multi-syst\u00e8mes<br \/>\nGrand d\u00e9gagement image<br \/>\nO\u00f9 utiliser<br \/>\n1. Inspection des \u00e9quipements industriels<br \/>\n2. Aide au traitement m\u00e9dical<br \/>\n3. CCTV<br \/>\n4. Vid\u00e9o enseignement<br \/>\n5. applications vid\u00e9o de v\u00e9hicule<br \/>\nSp\u00e9cification:<br \/>\nMod\u00e8le GS-OTGCM-PRO<br \/>\nCapteur OV2710<br \/>\nR\u00e9solution 1920X1080<br \/>\nTaille de la lentille 1\/2.7 pouces<br \/>\nPixel 1080P<br \/>\nLongueur de la ligne 1M<br \/>\nFormats MJPG\/YUY2<br \/>\nTaille du tableau MJPG:1080P 30fps<br \/>\nConstruction optique 5G2P<br \/>\nF\/No F2.1<br \/>\nLentille EFL 3.6mm environ 90 \u00b0<br \/>\nIllumination Minimum 0.1LUX<br \/>\nS\/N Ratio \u2265 52dB<br \/>\nGammar 0.45<br \/>\nObturateur 30f\/s<br \/>\nBalance des blancs Auto<br \/>\nTemp\u00e9rature de fonctionnement -10 ~ + 50 \u2103<br \/>\nPuissance 5V<br \/>\nAUDIO Salut-fi<br \/>\nConsommation d&#8217;\u00e9nergie 150mA<br \/>\nTaille 15*15*19mm<br \/>\nInterface Interface OTG2.0 MICRO\/type-c\/usb 2.0 en option<br \/>\nFonctionner Le Syst\u00e8me WINXP\/WIN7\/WIN8\/Linux\/Android<br \/>\nContenu de l&#8217;emballage:<br \/>\n1 x cam\u00e9ra, 1 x manuel d&#8217;utilisation en anglais,<br \/>\nSp\u00e9cifications des mod\u00e8les 5MP: GS-OTGC5M-Pro<br \/>\nCette cam\u00e9ra est un module de cam\u00e9ra d&#8217;entra\u00eenement de 5.0 m\u00e9gapixels 2592*1944 pixels 1080P HD USB-2.0-free, fr\u00e9quence d&#8217;images jusqu&#8217;\u00e0 15\/30 images. Il peut \u00eatre utilis\u00e9 pour un ordinateur, un \u00e9quipement publicitaire, une sonnette vid\u00e9o, peut r\u00e9pondre aux exigences \u00e9lev\u00e9es des clients!<br \/>\nModule de cam\u00e9ra USB HD 5MP 1080P<br \/>\nLa technologie de synchronisation<br \/>\nInterface USB 2.0 haute vitesse<br \/>\nHaute qualit\u00e9 image<br \/>\nFaible consommation d&#8217;\u00e9nergie<br \/>\nPetit contour pour application int\u00e9gr\u00e9e<br \/>\nConformit\u00e9 UVC pour une utilisation sous OS Windows,Linux,Android,Mac<br \/>\n1: ATM, kiosque, POS,TV box 2: cam\u00e9ras publicitaires 3: une cam\u00e9ra 4: Smart TV cam\u00e9ra int\u00e9gr\u00e9e<br \/>\n5: \u00e9quipement de Construction 6: \u00e9quipement bancaire 7: commutateur de corps 8: Scanner<br \/>\n9: un terminal mobile 10: diagnostic m\u00e9dical d&#8217;acquisition d&#8217;image 11: empreintes digitales, empreintes de paume d&#8217;acquisition d&#8217;image<br \/>\n12: visiophone 13: surveillance HD<br \/>\n1: utilisez le c\u00e2ble USB dans l&#8217;ordinateur, les ordinateurs portables et autres interfaces USB seront en mesure d&#8217;utiliser!<br \/>\n2: ins\u00e9r\u00e9 comme ordinateurs, les ordinateurs portables ne peuvent pas \u00eatre utilis\u00e9s, indiquant qu&#8217;il n&#8217;y a pas de lecteur conform\u00e9ment \u00e0 la cam\u00e9ra.<br \/>\n3: ce produit est \u00e9quip\u00e9 d&#8217;un c\u00e2ble USB.<br \/>\nTaille: 1\/4 pouces<br \/>\nTaille des pixels: 1.4 &amp; micro;m x 1.4 &amp; micro;m<br \/>\nPixels efficaces Maximum: 2592(H) * 1944(V)\/1920 (H) * 1080 (V)<br \/>\nFormat d&#8217;image de sortie: YUV2 (YUYV) \/ MJPEG<br \/>\nFrame rate:<br \/>\n2592 * 1944-MJPEG-15FPS YUY2-2FPS<br \/>\n2048 * 1536-MJPEG-15FPS YUY2-3FPS<br \/>\n1920 * 1080-MJPEG-30FPS YUY2-5FPS<br \/>\n1280*720- MJPEG-30FPS YUY2-10FPS<br \/>\n950*540- MJPEG-30FPS YUY2-<br \/>\n640*480- MJPEG-30FPS YUY2-30FPS<br \/>\n320*240- MJPEG-30FPS YUY2-<br \/>\n320*180- MJPEG-30FPS YUY2-30FPS<br \/>\nRapport Signal\/bruit: 36db<br \/>\nPlage dynamique: 72dB<br \/>\nZone d&#8217;image: 3673.6 &amp; micro;m x 2738.4 &amp; micro;m<br \/>\nSensibilit\u00e9: 690 mV\/lux-sec<br \/>\nIllumination Minimum: 0.01LUX<br \/>\nType d&#8217;obturateur: obturateur\/exposition de cadre roulant \u00e9lectronique<br \/>\nType d&#8217;interface: USB2.0 haute vitesse<br \/>\nPrise en charge du protocole d&#8217;inondation libre: classe vid\u00e9o USB (UVC)<br \/>\nSupporte le protocole OTG: USB2.0 OTG<br \/>\nContr\u00f4le automatique de l&#8217;exposition AEC: support<br \/>\nBalance des blancs automatique AEB: support<br \/>\nContr\u00f4le automatique du gain AGC: support<br \/>\nParam\u00e8tres r\u00e9glables: luminosit\u00e9 contraste couleur saturation r\u00e9solution de la teinte<br \/>\nLe contraste d&#8217;exposition gamma gagne la balance des blancs r\u00e9tro-\u00e9clairage<br \/>\nAlimentation: prise USB 4P-2.0mm<br \/>\nTension de fonctionnement: DC5V<br \/>\nCourant de fonctionnement: 140mA ~ 220mA<br \/>\nTemp\u00e9rature de fonctionnement: 0 ~ 60<br \/>\nTemp\u00e9rature de stockage: -20 ~ 70 C<br \/>\nTaille de la planche: 15*15*13mm<br \/>\nPoids de la Machine: 50g<br \/>\nSyst\u00e8me pris en charge: WinXP\/Vista\/Win7\/Win8\/ Linux avec UVC (au-dessus de linux-2.6.26)\/ MAC-OS X 10.4.8 ou version ult\u00e9rieure<br \/>\n\/Wince avec UVC\/Android 4 ou avec UVC sup\u00e9rieur<br \/>\nInterface: Interface USB\/OTG\/TYPE-C<br \/>\nObjectif: 3.6mm<br \/>\nAngle(FOV): 75 \u00b0<br \/>\nLongueur de la ligne: 1.2M<\/p>\n","protected":false},"excerpt":{"rendered":"<p><strong>About this item<\/strong><\/p>\n<p>Cette cam\u00e9ra est un module de cam\u00e9ra d&#8217;entra\u00eenement de 5.0 m\u00e9gapixels 2592*1944 pixels 1080P HD USB-2.0-free, fr\u00e9quence d&#8217;images jusqu&#8217;\u00e0 15\/30 images. Il peut \u00eatre utilis\u00e9 pour un ordinateur, un \u00e9quipement publicitaire, une sonnette vid\u00e9o, peut r\u00e9pondre aux exigences \u00e9lev\u00e9es des clients!<\/p>\n","protected":false},"featured_media":371,"comment_status":"open","ping_status":"closed","template":"","meta":[],"product_cat":[47],"product_tag":[],"_links":{"self":[{"href":"https:\/\/mixspy.com\/index.php\/wp-json\/wp\/v2\/product\/370"}],"collection":[{"href":"https:\/\/mixspy.com\/index.php\/wp-json\/wp\/v2\/product"}],"about":[{"href":"https:\/\/mixspy.com\/index.php\/wp-json\/wp\/v2\/types\/product"}],"replies":[{"embeddable":true,"href":"https:\/\/mixspy.com\/index.php\/wp-json\/wp\/v2\/comments?post=370"}],"wp:featuredmedia":[{"embeddable":true,"href":"https:\/\/mixspy.com\/index.php\/wp-json\/wp\/v2\/media\/371"}],"wp:attachment":[{"href":"https:\/\/mixspy.com\/index.php\/wp-json\/wp\/v2\/media?parent=370"}],"wp:term":[{"taxonomy":"product_cat","embeddable":true,"href":"https:\/\/mixspy.com\/index.php\/wp-json\/wp\/v2\/product_cat?post=370"},{"taxonomy":"product_tag","embeddable":true,"href":"https:\/\/mixspy.com\/index.php\/wp-json\/wp\/v2\/product_tag?post=370"}],"curies":[{"name":"wp","href":"https:\/\/api.w.org\/{rel}","templated":true}]}}